the remainder when 127433685 is divided by 44495?
5
Calculate the remainder when 393421 is divided by 56190.
91
Calculate the remainder when 33628 is divided by 4661.
1001
Calculate the remainder when 37441015 is divided by 5298.
49
Calculate the remainder when 30728 is divided by 6929.
3012
What is the remainder when 412206 is divided by 41219?
16
What is the remainder when 129319 is divided by 2586?
19
Calculate the remainder when 79195 is divided by 39588.
19
Calculate the remainder when 7786495 is divided by 123592.
199
Calculate the remainder when 23414 is divided by 2583.
167
Calculate the remainder when 23414 is divided by 547.
440
What is the remainder when 31448345 is divided by 49?
47
What is the remainder when 30949369 is divided by 617?
32
Calculate the remainder when 542461 is divided by 542461.
0
Calculate the remainder when 27448429 is divided by 687.
31
Calculate the remainder when 12538769 is divided by 27.
23
Calculate the remainder when 3063026 is divided by 5038.
4960
What is the remainder when 32160675 is divided by 564222?
21
Calculate the remainder when 755898 is divided by 188962.
50
Calculate the remainder when 2470936 is divided by 91516.
4
What is the remainder when 23643755 is divided by 2627080?
35
Calculate the remainder when 995025 is divided by 5719.
5638
What is the remainder when 82907 is divided by 37963?
6981
What is the remainder when 450970 is divided by 129?
115
Calculate the remainder when 11184091 is divided by 1229.
191
What is the remainder when 2845272 is divided by 914?
904
Calculate the remainder when 52625 is divided by 52512.
113
Calculate the remainder when 11752570 is divided by 3917518.
16
Calculate the remainder when 248111 is divided by 11811.
80
What is the remainder when 1694090 is divided by 142?
30
What is the remainder when 67743 is divided by 96?
63
What is the remainder when 107326 is divided by 66?
10
Calculate the remainder when 238997522 is divided by 29.
25
What is the remainder when 11709839 is divided by 5078?
5049
Calculate the remainder when 1246109 is divided by 103840.
29
Calculate the remainder when 125084 is divided by 12.
8
What is the remainder when 2080791 is divided by 584?
583
What is the remainder when 1257622631 is divided by 4557?
4556
Calculate the remainder when 377347 is divided by 7683.
880
Calculate the remainder when 23520461 is divided by 956.
949
Calculate the remainder when 2563079 is divided by 11.
2
Calculate the remainder when 48091717 is divided by 910.
37
What is the remainder when 4161470 is divided by 27199?
23
What is the remainder when 18001537 is divided by 1105?
1087
Calculate the remainder when 329598 is divided by 121.
115
Calculate the remainder when 215549882 is divided by 44.
42
What is the remainder when 309752 is divided by 163?
52
What is the remainder when 144453526 is divided by 74231?
0
What is the remainder when 1065748 is divided by 1556?
1444
Calculate the remainder when 20366534 is divided by 2655.
29
What is the remainder when 25077454 is divided by 26?
12
What is the remainder when 163979 is divided by 163932?
47
Calculate the remainder when 1152720 is divided by 33.
30
Calculate the remainder when 1234345 is divided by 161.
119
Calculate the remainder when 216849 is divided by 464.
161
What is the remainder when 46914 is divided by 1510?
104
Calculate the remainder when 70468405 is divided by 35234199.
7
What is the remainder when 95102263 is divided by 331?
5
Calculate the remainder when 222794 is divided by 7679.
103
Calculate the remainder when 155672 is divided by 1911.
881
What is the remainder when 98079455 is divided by 4729?
4724
Calculate the remainder when 603920939 is divided by 4155.
4154
Calculate the remainder when 287187071 is divided by 57437414.
1
What is the remainder when 7560726 is divided by 99?
96
Calculate the remainder when 60297 is divided by 19474.
1875
Calculate the remainder when 499752446 is divided by 17.
12
Calculate the remainder when 113064 is divided by 105382.
7682
What is the remainder when 5522 is divided by 2279?
964
What is the remainder when 11089148 is divided by 24?
20
Calculate the remainder when 1178823 is divided by 1382.
1359
What is the remainder when 1455341 is divided by 21090?
131
What is the remainder when 16289463 is divided by 1864?
1831
Calculate the remainder when 4668102 is divided by 555.
552
Calculate the remainder when 22722 is divided by 2292.
2094
What is the remainder when 1928463 is divided by 219?
168
Calculate the remainder when 1340613 is divided by 917.
876
What is the remainder when 70991777 is divided by 2348?
2345
Calculate the remainder when 16754379 is divided by 61.
58
Calculate the remainder when 150147 is divided by 150017.
130
What is the remainder when 173648 is divided by 52?
20
Calculate the remainder when 23900318 is divided by 75.
68
What is the remainder when 5885 is divided by 5843?
42
Calculate the remainder when 89830 is divided by 839.
57
Calculate the remainder when 2984019 is divided by 680.
179
What is the remainder when 9977195 is divided by 34?
31
What is the remainder when 8553824 is divided by 120?
104
What is the remainder when 60191706 is divided by 1101?
36
What is the remainder when 129176545 is divided by 50?
45
What is the remainder when 5038119 is divided by 21?
9
Calculate the remainder when 33283747 is divided by 134.
23
Calculate the remainder when 8780541 is divided by 1463399.
147
What is the remainder when 86846369 is divided by 65?
64
Calculate the remainder when 17857936 is divided by 979.
976
What is the remainder when 777779 is divided by 1070?
959
What is the remainder when 3233852 is divided by 1493?
14
What is the remainder when 2798712 is divided by 784?
616
Calculate the remainder when 2482455 is divided by 24.
15
What is the remainder when 70921467 is divided by 1387?
1383
What is the remainder when 33591 is divided by 2483?
1312
What is the remainder when 299838 is divided by 149750?
338
Calculate the remainder when 2608308 is divided by 279.
216
Calculate the remainder when 29694 is divided by 2351.
1482
What is the remainder when 1160649 is divided by 25?
24
What is the remainder when 153407 is divided by 677?
405
Calculate the remainder when 35941 is divided by 289.
105
Calculate the remainder when 1444958 is divided by 4.
2
What is the remainder when 20309 is divided by 3399?
3314
Calculate the remainder when 934608 is divided by 17.
16
What is the remainder when 4800224 is divided by 48?
32
Calculate the remainder when 12445912 is divided by 43.
35
What is the remainder when 26567784 is divided by 3795395?
19
What is the remainder when 245941 is divided by 7450?
91
What is the remainder when 2957996 is divided by 232?
228
What is the remainder when 29990483 is divided by 217?
215
What is the remainder when 297172 is divided by 42450?
22
What is the remainder when 35559464 is divided by 4723?
4720
Calculate the remainder when 111695106 is divided by 146.
142
Calculate the remainder when 2868 is divided by 1742.
1126
What is the remainder when 1973129 is divided by 121?
103
What is the remainder when 1003889 is divided by 250910?
249
Calculate the remainder when 10741150 is divided by 716075.
25
Calculate the remainder when 910412 is divided by 14.
6
What is the remainder when 205017 is divided by 89?
50
Calculate the remainder when 102669 is divided by 8813.
5726
Calculate the remainder when 307035 is divided by 12630.
3915
Calculate the remainder when 6328325 is divided by 2109313.
386
What is the remainder when 10622903 is divided by 187?
181
Calculate the remainder when 6613433 is divided by 299.
151
What is the remainder when 13791447 is divided by 770?
747
Calculate the remainder when 2155225 is divided by 57.
55
Calculate the remainder when 47185193 is divided by 977.
1
Calculate the remainder when 54815 is divided by 137.
15
What is the remainder when 3282949 is divided by 2794?
2793
Calculate the remainder when 63512916 is divided by 15.
6
What is the remainder when 812824 is divided by 134?
114
Calculate the remainder when 878148 is divided by 39.
24
Calculate the remainder when 18892343 is divided by 985.
43
What is the remainder when 1950730 is divided by 2530?
100
Calculate the remainder when